base 5, what is 20 + -120?
-100
In base 14, what is ba0b + 4?
ba11
In base 6, what is -320 - 5?
-325
In base 12, what is -239 - 2?
-23b
In base 14, what is 6 - 19?
-13
In base 4, what is 1100 - -2?
1102
In base 2, what is 11 - 1010011000?
-1010010101
In base 10, what is -9 - 5?
-14
In base 14, what is 184 + 4?
188
In base 5, what is 3133 - 4?
3124
In base 6, what is 24 + -105?
-41
In base 4, what is 10 - 1001?
-331
In base 3, what is 20000020 - 12?
20000001
In base 8, what is -562 + 5?
-555
In base 6, what is 2554 - -4?
3002
In base 10, what is 4664 + -1?
4663
In base 8, what is -1727 + -2?
-1731
In base 16, what is 5 + -91?
-8c
In base 16, what is -52 + -1?
-53
In base 9, what is 43 + 0?
43
In base 6, what is 4 - -301?
305
In base 6, what is -2131 + 3?
-2124
In base 9, what is 1 + 15?
16
In base 5, what is -222 + -11?
-233
In base 3, what is -11 + -20110?
-20121
In base 8, what is 5 + -5102?
-5075
In base 10, what is -5 + 5589?
5584
In base 6, what is -4 - -123?
115
In base 15, what is -a + 23?
18
In base 8, what is -1301 - -5?
-1274
In base 3, what is -12 - 12102?
-12121
In base 10, what is -1264 - -12?
-1252
In base 14, what is 7a + -5?
75
In base 9, what is 21734 + -1?
21733
In base 5, what is 141 + 4?
200
In base 4, what is 11313 + 2?
11321
In base 12, what is 23 - -12?
35
In base 13, what is -5 + -1803?
-1808
In base 6, what is -2 - 2155?
-2201
In base 4, what is 30202 + 3?
30211
In base 3, what is 12 - -12122?
12211
In base 5, what is -10013 + 4?
-10004
In base 16, what is -6 - 62?
-68
In base 2, what is 100001 - 1000101001?
-1000001000
In base 5, what is 12 - 134?
-122
In base 3, what is -1 - -2101?
2100
In base 16, what is 14 - -4?
18
In base 13, what is 0 + -6?
-6
In base 4, what is -1231 - 11?
-1302
In base 6, what is -443 - 3?
-450
In base 8, what is -110 + -42?
-152
In base 10, what is 40 + 5?
45
In base 6, what is 4 - -1213?
1221
In base 16, what is -f + 31?
22
In base 13, what is 37 + -2?
35
In base 11, what is a6 + -4?
a2
In base 8, what is -3 + -534?
-537
In base 7, what is 0 - 55?
-55
In base 14, what is -3d - 4a?
-89
In base 3, what is -10011210 - 11?
-10011221
In base 11, what is 1 - -1a96?
1a97
In base 5, what is -104 - 1?
-110
In base 16, what is -1 + -be?
-bf
In base 12, what is -5 + -213?
-218
In base 14, what is 9 - -5?
10
In base 13, what is -218 + 5a?
-18b
In base 7, what is -23 - 34?
-60
In base 11, what is 485 + 0?
485
In base 9, what is 558 + -1?
557
In base 3, what is 122212 + -1?
122211
In base 16, what is -5 + 144?
13f
In base 9, what is -273 - 7?
-281
In base 10, what is 3 - 1566?
-1563
In base 15, what is 9 - 14c?
-143
In base 13, what is 41 - 35?
9
In base 2, what is 10100 - 10?
10010
In base 7, what is -333 - 5?
-341
In base 11, what is -1008 - 2?
-100a
In base 2, what is 100 - 1?
11
In base 4, what is -12133 - 11?
-12210
In base 16, what is -1 + a?
9
In base 14, what is 33 + -a?
27
In base 2, what is -11110100 + 10?
-11110010
In base 3, what is 1002 - 0?
1002
In base 16, what is 1f2 + -2?
1f0
In base 8, what is -1556 - 2?
-1560
In base 8, what is -42 + -50?
-112
In base 2, what is 10010100 - 11?
10010001
In base 12, what is 1b - -a?
29
In base 11, what is 5 - 115?
-110
In base 13, what is 0 - 10b?
-10b
In base 15, what is -5 + -1c1?
-1c6
In base 15, what is 334 - -3?
337
In base 12, what is -409 + -2?
-40b
In base 10, what is 8 - 93?
-85
In base 7, what is -4 + 243?
236
In base 7, what is -6 + -35?
-44
In base 10, what is -22 + 1?
-21
In base 6, what is 1 + 2?
3
In base 9, what is 12 + 0?
12
In base 6, what is 1 - -2120?
2121
In base 2, what is 10 - 101110?
-101100
In base 4, what is 1322101 - 2?
1322033
In base 12, what is -1 + 72?
71
In base 9, what is -126 - 173?
-310
In base 7, what is -2 + 11402?
11400
In base 12, what is -89 + 6b?
-1a
In base 12, what is 5 - -19a?
1a3
In base 16, what is 13 + 5d?
70
In base 16, what is -5 + -64c?
-651
In base 12, what is 2 - -405?
407
In base 7, what is 5 - -326?
334
In base 11, what is -17 + 27?
10
In base 8, what is 12 - -763?
775
In base 4, what is -30 + -2213?
-2303
In base 11, what is 4 + -29?
-25
In base 12, what is 38 - -74?
b0
In base 5, what is -11 - 123?
-134
In base 10, what is 102 + 1?
103
In base 7, what is -4 + 452?
445
In base 9, what is 2121 + 3?
2124
In base 5, what is 2 + 143?
200
In base 2, what is -1 - 1011011011?
-1011011100
In base 14, what is -40 - -5?
-39
In base 15, what is -2 + -24?
-26
In base 3, what is -22 - -11?
-11
In base 12, what is 9513 - -1?
9514
In base 13, what is 2 + -26?
-24
In base 16, what is c + 3b2?
3be
In base 15, what is -4 - -6e?
6a
In base 13, what is -354 + 5?
-34c
In base 2, what is -10 + 1100010001?
1100001111
In base 8, what is 231 + -4?
225
In base 9, what is 10 - -71?
81
In base 15, what is -c + -14?
-21
In base 16, what is -6 + -1072?
-1078
In base 8, what is -325 + -41?
-366
In base 11, what is -4 + -104?
-108
In base 5, what is 4 - -11034?
11043
In base 13, what is -2 + -351?
-353
In base 15, what is 6 - 51?
-4a
In base 10, what is 4 + 133?
137
In base 5, what is 10 - -40121?
40131
In base 10, what is 3 - -346?
349
In base 12, what is a - 5?
5
In base 6, what is -30 + -233?
-303
In base 11, what is -a7 - -1?
-a6
In base 7, what is -2 - -43?
41
In base 12, what is -62 - -b?
-53
In base 2, what is -1001 + 1100?
11
In base 12, what is 1 - -5b9?
5ba
In base 6, what is 44145 - -4?
44153
In base 10, what is 77 - -1?
78
In base 8, what is -5 - 426?
-433
In base 7, what is -34 - -2?
-32
In base 12, what is 3 + -25?
-22
In base 11, what is -167 - 47?
-203
In base 8, what is 23 + 61?
104
In base 11, what is -5 - -52a0?
5296
In base 14, what is 0 - 327?
-327
In base 8, what is 1 - 20?
-17
In base 11, what is 757 + 1?
758
In base 6, what is 1302 - -15?
1321
In base 10, what is 4 + -76?
-72
In base 5, what is 3003 - 10?
2443
In base 3, what is 111 - -1002?
1120
In base 16, what is -1 - 31?
-32
In base 16, what is -22 + 5?
-1d
In base 2, what is 1111 - 101?
1010
In base 10, what is 245 + 0?
245
In base 14, what is ac - -3?
b1
In base 14, what is 1 - 2c1?
-2c0
In base 16, what is 2 + -3d?
-3b
In base 3, what is -2 + -10211210?
-10211212
In base 5, what is 0 + -23?
-23
In base 3, what is -220 + -1100000?
-1100220
In base 12, what is -1 - 2262?
-2263
In base 8, what is -2 + -517?
-521
In base 4, what is -33 - 232?
-331
In base 14, what is 5a0 + 5?
5a5
In base 5, what is 24441 + -1?
24440
In base 12, what is 27 + -a7?
-80
In base 5, what is 14 - -132?
201
In base 11, what is -159 + -6?
-164
In base 6, what is -10 - -3154?
3144
In base 15, what is 4 + 11d?
122
In base 8, what is 473 - 43?
430
In base 3, what is 102210 - -210?
110120
In base 2, what is 100 - -11?
111
In base 8, what is -5 - 11052?
-11057
In base 16, what is 15 + f?
24
In base 12, what is 9 + 3?
10
In base 6, what is 3 + 25?
32
In base 12, what is -76 - -1a?
-58
In base 7, what is -4 - -5?
1
In base 2, what is 110 + 1000000111101?
1000001000011
In base 6, what is -2114 - -33?
-2041
In base 10, what is 5 - 470?
-465
In base 15, what is 1a9a - 4?
1a96
In base 13, what is 6 - 59a?
-594
In base 4, what is 10 + -1112?
-1102
In base 13, what is 10 + -18?
-8
In base 12, what is 3 + -105?
-102
In base 11, what is 135 + 2?
137
In base 15, what is -1 - -1c2?
1c1
In base 11, what is -220 - 0?
-220
In base 7, what is 41 - 42?
-1
In base 2, what is -1 - -10001010?
10001001
In base 2, what is 1000000000 + -1?
111111111
In base 10, what is 5 - 27?
-22
In base 2, what is -1 + 11101000010?
11101000001
In base 4, what is 11202 + -3?
11133
In base 10, what is -3 + 522?
519
In base 2, what is -1101 - -1010000?
1000011
In base 6, what is 532 - 5?
523
In base 14, what is 2 - -192?
194
In base 2, what is -1 + 1100000010?
1100000001
In base 2, what is -11 + 1001101111?
1001101100
In base 13, what is -1 - 53?
-54
In base 7, what is 4252 - -1?
4253
In base 5, what is 1410 - -1?
1411
In base 14, what is -a0 + -4?
-a4
In base 3, what is -1 + 120202?
120201
In base 10, what is 7 + 908?
915
In base 11, what is 2 - -531?
533
In base 8, what is 42 + 1002?
1044
In base 9, what is 31 + 12?
43
In base 6, what is -3 + 35?
32
In base 11, what is -1 - 40?
-41
In base 7, what is 462 + 2?
464
In base 8, what is 0 - -72?
72
In base 16, what is 6 - 8e?
-88
In base 7, what is -4452 + -2?
-4454
In base 4